{"id":2950,"date":"2026-03-08T00:15:01","date_gmt":"2026-03-07T23:15:01","guid":{"rendered":"https:\/\/www.ciceli.es\/pt\/?page_id=2950"},"modified":"2026-04-25T09:13:48","modified_gmt":"2026-04-25T08:13:48","slug":"v-ciceli-participacao","status":"publish","type":"page","link":"https:\/\/www.ciceli.es\/pt\/v-ciceli-participacao\/","title":{"rendered":"V CICELI &#8211; Participa\u00e7\u00e3o"},"content":{"rendered":"<p>[et_pb_section fb_built=&#8221;1&#8243; prev_background_color=&#8221;#ffffff&#8221; _builder_version=&#8221;4.16&#8243; background_color=&#8221;#EA5342&#8243; background_enable_image=&#8221;off&#8221; background_blend=&#8221;darken&#8221; height=&#8221;200px&#8221; custom_margin=&#8221;||||false|false&#8221; top_divider_style=&#8221;arrow3&#8243; bottom_divider_style=&#8221;curve&#8221; bottom_divider_color=&#8221;#ffffff&#8221; bottom_divider_height=&#8221;29px&#8221; global_colors_info=&#8221;{}&#8221;][et_pb_row _builder_version=&#8221;4.16&#8243; custom_padding=&#8221;0px|||||&#8221; global_colors_info=&#8221;{}&#8221;][et_pb_column type=&#8221;4_4&#8243; _builder_version=&#8221;4.16&#8243; global_colors_info=&#8221;{}&#8221;][et_pb_text _builder_version=&#8221;4.27.6&#8243; text_font=&#8221;Annie Use Your Telescope|700|||||||&#8221; text_text_color=&#8221;#ffffff&#8221; text_font_size=&#8221;55px&#8221; text_letter_spacing=&#8221;2px&#8221; text_line_height=&#8221;1.9em&#8221; text_orientation=&#8221;center&#8221; custom_margin=&#8221;||-24px|||&#8221; custom_padding=&#8221;0px|||||&#8221; text_font_size_tablet=&#8221;50px&#8221; text_font_size_phone=&#8221;46px&#8221; text_font_size_last_edited=&#8221;on|phone&#8221; text_text_shadow_style=&#8221;preset1&#8243; global_colors_info=&#8221;{}&#8221;]<\/p>\n<p>Participa\u00e7\u00e3o<\/p>\n<p>[\/et_pb_text][\/et_pb_column][\/et_pb_row][\/et_pb_section][et_pb_section fb_built=&#8221;1&#8243; _builder_version=&#8221;4.16&#8243; global_colors_info=&#8221;{}&#8221;][et_pb_row column_structure=&#8221;3_4,1_4&#8243; _builder_version=&#8221;4.16&#8243; global_colors_info=&#8221;{}&#8221;][et_pb_column type=&#8221;3_4&#8243; _builder_version=&#8221;4.16&#8243; global_colors_info=&#8221;{}&#8221;][et_pb_text _builder_version=&#8221;4.27.6&#8243; text_font=&#8221;Montserrat||||||||&#8221; text_orientation=&#8221;justified&#8221; global_colors_info=&#8221;{}&#8221;]<\/p>\n<p>As apresenta\u00e7\u00f5es ter\u00e3o a dura\u00e7\u00e3o de 15 minutos. As confer\u00eancias e apresenta\u00e7\u00f5es presenciais poder\u00e3o ser feitas em portugu\u00eas, espanhol ou ingl\u00eas. No caso de confer\u00eancias, palestras ou comunica\u00e7\u00f5es orais em formato virtual, ser\u00e3o aceitas propostas em qualquer idioma da Uni\u00e3o Europeia.<\/p>\n<p>[\/et_pb_text][et_pb_text _builder_version=&#8221;4.27.6&#8243; text_font=&#8221;Montserrat||||||||&#8221; text_text_color=&#8221;#f8a912&#8243; text_font_size=&#8221;18px&#8221; header_font=&#8221;|700|||||||&#8221; text_orientation=&#8221;justified&#8221; text_font_size_tablet=&#8221;17px&#8221; text_font_size_phone=&#8221;16px&#8221; text_font_size_last_edited=&#8221;on|phone&#8221; global_colors_info=&#8221;{}&#8221;]<strong>Propostas de Comunica\u00e7\u00f5es<\/strong>[\/et_pb_text][et_pb_text _builder_version=&#8221;4.27.6&#8243; text_font=&#8221;Montserrat||||||||&#8221; text_orientation=&#8221;justified&#8221; global_colors_info=&#8221;{}&#8221;]<\/p>\n<p>As contribui\u00e7\u00f5es podem ser assinadas por uma ou v\u00e1rias pessoas. Para propor uma apresenta\u00e7\u00e3o (presencial ou virtual), ser\u00e1 necess\u00e1rio enviar o t\u00edtulo, resumo (aproximadamente 250 palavras), linhas tem\u00e1ticas em que se inscreve a proposta e um breve curriculum vitae (um par\u00e1grafo), <a href=\"https:\/\/forms.gle\/kab3ewBa2wcbnGDE6\">atrav\u00e9s do formul\u00e1rio: https:\/\/forms.gle\/kab3ewBa2wcbnGDE6<\/a><a href=\"https:\/\/forms.gle\/kab3ewBa2wcbnGDE6\" target=\"_blank\" rel=\"noopener\"><\/a><\/p>\n<p>[\/et_pb_text][et_pb_text _builder_version=&#8221;4.27.6&#8243; text_font=&#8221;Montserrat||||||||&#8221; text_text_color=&#8221;#f8a912&#8243; text_font_size=&#8221;18px&#8221; text_font_size_tablet=&#8221;17px&#8221; text_font_size_phone=&#8221;16px&#8221; text_font_size_last_edited=&#8221;on|phone&#8221; global_colors_info=&#8221;{}&#8221;]<\/p>\n<p><strong>Propostas de mesas-redondas e oficinas<\/strong><\/p>\n<p>[\/et_pb_text][et_pb_text _builder_version=&#8221;4.27.6&#8243; text_font=&#8221;Montserrat||||||||&#8221; global_colors_info=&#8221;{}&#8221;]<\/p>\n<p>As propostas de mesas-redondas e oficinas devem ser submetidas por meio do formul\u00e1rio: <a href=\"https:\/\/forms.gle\/kab3ewBa2wcbnGDE6\" target=\"_blank\" rel=\"noopener\">https:\/\/forms.gle\/kab3ewBa2wcbnGDE6<\/a>.<\/p>\n<p>As submiss\u00f5es de mesas-redondas devem incluir a indica\u00e7\u00e3o de 3 a 4 expositoras\/es, o t\u00edtulo da mesa e um breve resumo da proposta. Cada mesa ter\u00e1 dura\u00e7\u00e3o de 90 minutos e ser\u00e1 dedicada \u00e0 discuss\u00e3o de um tema espec\u00edfico, promovendo um debate qualificado, plural e equilibrado, com a media\u00e7\u00e3o de um\/uma moderador\/a.<\/p>\n<p>[\/et_pb_text][et_pb_text _builder_version=&#8221;4.27.6&#8243; text_font=&#8221;Montserrat||||||||&#8221; text_text_color=&#8221;#f8a912&#8243; text_font_size=&#8221;18px&#8221; text_font_size_tablet=&#8221;17px&#8221; text_font_size_phone=&#8221;15px&#8221; text_font_size_last_edited=&#8221;on|phone&#8221; global_colors_info=&#8221;{}&#8221;]<\/p>\n<p><strong>Prazos<\/strong><\/p>\n<p>[\/et_pb_text][et_pb_text _builder_version=&#8221;4.27.6&#8243; text_font=&#8221;Montserrat||||||||&#8221; custom_padding=&#8221;3px|||||&#8221; global_colors_info=&#8221;{}&#8221;]<\/p>\n<p>Prazo para recebimento das propostas de comunica\u00e7\u00f5es, mesas-redondas e oficinas: <strong>at\u00e9 23 de abril de 2026, dia Internacional do Livro.<\/strong><\/p>\n<p>\u00a0A aceita\u00e7\u00e3o ou rejei\u00e7\u00e3o ser\u00e1 informada por ordem de recebimento e, em qualquer caso, no prazo de duas semanas.<\/p>\n<p>[\/et_pb_text][\/et_pb_column][et_pb_column type=&#8221;1_4&#8243; _builder_version=&#8221;4.16&#8243; global_colors_info=&#8221;{}&#8221;][et_pb_blurb use_icon=&#8221;on&#8221; font_icon=&#8221;&#xe025;||divi||400&#8243; icon_color=&#8221;#2893D2&#8243; image_icon_width=&#8221;80px&#8221; _builder_version=&#8221;4.27.6&#8243; width=&#8221;114.1%&#8221; custom_margin=&#8221;|||-25px|false|false&#8221; custom_padding=&#8221;10px|15px||15px|false|false&#8221; hover_enabled=&#8221;0&#8243; box_shadow_style=&#8221;preset2&#8243; icon_font_size=&#8221;80px&#8221; global_colors_info=&#8221;{}&#8221; sticky_enabled=&#8221;0&#8243;]<span style=\"color: #2893d2;\"><strong>20-jun-2026. <\/strong><\/span> Prazo final para envio de propostas<br \/>\n<span style=\"text-decoration: line-through;\"><span style=\"color: #2893d2; text-decoration: line-through;\"><strong>23-abr-2026.<\/strong><\/span> Prazo para envio de propostas<\/span><br \/>\n<span style=\"color: #2893d2;\"><strong>01-jun-2026.<\/strong><\/span> Prazo para inscri\u00e7\u00e3o e pagamento antecipado<br \/>\n<span style=\"color: #2893d2;\"><strong>31-jul-2026. <\/strong><\/span>Prazo para inscri\u00e7\u00e3o e pagamento<br \/>\n<span style=\"color: #2893d2;\"><strong>03-set-2026.<\/strong><\/span> Inaugura\u00e7\u00e3o do V CICELI<br \/>\n<span style=\"color: #2893d2;\"><strong>05-set-2026.<\/strong><\/span> Encerramento do V CICELI<\/p>\n<p>&nbsp;[\/et_pb_blurb][\/et_pb_column][\/et_pb_row][\/et_pb_section][et_pb_section fb_built=&#8221;1&#8243; _builder_version=&#8221;4.16&#8243; global_colors_info=&#8221;{}&#8221;][et_pb_row column_structure=&#8221;3_5,2_5&#8243; _builder_version=&#8221;4.16&#8243; box_shadow_style=&#8221;preset3&#8243; global_colors_info=&#8221;{}&#8221;][et_pb_column type=&#8221;3_5&#8243; _builder_version=&#8221;4.16&#8243; background_enable_color=&#8221;off&#8221; global_colors_info=&#8221;{}&#8221;][et_pb_text _builder_version=&#8221;4.27.6&#8243; text_font=&#8221;Montserrat||||||||&#8221; text_orientation=&#8221;justified&#8221; custom_margin=&#8221;10px|||20px|false|false&#8221; global_colors_info=&#8221;{}&#8221;]<\/p>\n<p>Em edi\u00e7\u00f5es anteriores, recebemos propostas de pesquisadores e pesquisadoras de mais de 200 universidades de todo o mundo, professors\/as e estudantes de 24 pa\u00edses, especialmente dos Estados Unidos e da Espanha e, em menor representa\u00e7\u00e3o, do M\u00e9xico, Col\u00f4mbia, Fran\u00e7a, Pol\u00f4nia, Canad\u00e1, Chile, Brasil, It\u00e1lia, etc.<\/p>\n<p>[\/et_pb_text][\/et_pb_column][et_pb_column type=&#8221;2_5&#8243; _builder_version=&#8221;4.16&#8243; global_colors_info=&#8221;{}&#8221;][et_pb_image src=&#8221;https:\/\/www.ciceli.es\/pt\/wp-content\/uploads\/2019\/11\/2.png&#8221; _builder_version=&#8221;4.16&#8243; custom_margin=&#8221;|15px|||false|false&#8221; global_colors_info=&#8221;{}&#8221;][\/et_pb_image][\/et_pb_column][\/et_pb_row][\/et_pb_section]<\/p>\n","protected":false},"excerpt":{"rendered":"<p>Participa\u00e7\u00e3oAs apresenta\u00e7\u00f5es ter\u00e3o a dura\u00e7\u00e3o de 15 minutos. As confer\u00eancias e apresenta\u00e7\u00f5es presenciais poder\u00e3o ser feitas em portugu\u00eas, espanhol ou ingl\u00eas. No caso de confer\u00eancias, palestras ou comunica\u00e7\u00f5es orais em formato virtual, ser\u00e3o aceitas propostas em qualquer idioma da Uni\u00e3o Europeia.Propostas de Comunica\u00e7\u00f5esAs contribui\u00e7\u00f5es podem ser assinadas por uma ou v\u00e1rias pessoas. Para propor uma [&hellip;]<\/p>\n","protected":false},"author":1,"featured_media":0,"parent":0,"menu_order":0,"comment_status":"closed","ping_status":"closed","template":"","meta":{"_et_pb_use_builder":"on","_et_pb_old_content":"","_et_gb_content_width":"","footnotes":""},"class_list":["post-2950","page","type-page","status-publish","hentry"],"_links":{"self":[{"href":"https:\/\/www.ciceli.es\/pt\/wp-json\/wp\/v2\/pages\/2950","targetHints":{"allow":["GET"]}}],"collection":[{"href":"https:\/\/www.ciceli.es\/pt\/wp-json\/wp\/v2\/pages"}],"about":[{"href":"https:\/\/www.ciceli.es\/pt\/wp-json\/wp\/v2\/types\/page"}],"author":[{"embeddable":true,"href":"https:\/\/www.ciceli.es\/pt\/wp-json\/wp\/v2\/users\/1"}],"replies":[{"embeddable":true,"href":"https:\/\/www.ciceli.es\/pt\/wp-json\/wp\/v2\/comments?post=2950"}],"version-history":[{"count":17,"href":"https:\/\/www.ciceli.es\/pt\/wp-json\/wp\/v2\/pages\/2950\/revisions"}],"predecessor-version":[{"id":3138,"href":"https:\/\/www.ciceli.es\/pt\/wp-json\/wp\/v2\/pages\/2950\/revisions\/3138"}],"wp:attachment":[{"href":"https:\/\/www.ciceli.es\/pt\/wp-json\/wp\/v2\/media?parent=2950"}],"curies":[{"name":"wp","href":"https:\/\/api.w.org\/{rel}","templated":true}]}}

V CICELI &#8211; Participação

<p>[et_pb_section fb_built=&#8221;1&#8243; prev_background_color=&#8221;#ffffff&#8221; _builder_version=&#8221;4.16&#8243; background_color=&#8221;#EA5342&#8243; background_enable_image=&#8221;off&#8221; background_blend=&#8221;darken&#8221; height=&#8221;200px&#8221; custom_margin=&#8221;||||false|false&#8221; top_divider_style=&#8221;arrow3&#8243; bottom_divider_style=&#8221;curve&#8221; bottom_divider_color=&#8221;#ffffff&#8221; bottom_divider_height=&#8221;29px&#8221; global_colors_info=&#8221;{}&#8221;][et_pb_row _builder_version=&#8221;4.16&#8243; custom_padding=&#8221;0px|||||&#8221; global_colors_info=&#8221;{}&#8221;][et_pb_column type=&#8221;4_4&#8243; _builder_version=&#8221;4.16&#8243; global_colors_info=&#8221;{}&#8221;][et_pb_text _builder_version=&#8221;4.27.6&#8243; text_font=&#8221;Annie Use Your Telescope|700|||||||&#8221; text_text_color=&#8221;#ffffff&#8221; text_font_size=&#8221;55px&#8221; text_letter_spacing=&#8221;2px&#8221; text_line_height=&#8221;1.9em&#8221; text_orientation=&#8221;center&#8221; custom_margin=&#8221;||-24px|||&#8221; custom_padding=&#8221;0px|||||&#8221; text_font_size_tablet=&#8221;50px&#8221; text_font_size_phone=&#8221;46px&#8221; text_font_size_last_edited=&#8221;on|phone&#8221; text_text_shadow_style=&#8221;preset1&#8243; global_colors_info=&#8221;{}&#8221;]</p>
<p>Participação</p>
<p>[/et_pb_text][/et_pb_column][/et_pb_row][/et_pb_section][et_pb_section fb_built=&#8221;1&#8243; _builder_version=&#8221;4.16&#8243; global_colors_info=&#8221;{}&#8221;][et_pb_row column_structure=&#8221;3_4,1_4&#8243; _builder_version=&#8221;4.16&#8243; global_colors_info=&#8221;{}&#8221;][et_pb_column type=&#8221;3_4&#8243; _builder_version=&#8221;4.16&#8243; global_colors_info=&#8221;{}&#8221;][et_pb_text _builder_version=&#8221;4.27.6&#8243; text_font=&#8221;Montserrat||||||||&#8221; text_orientation=&#8221;justified&#8221; global_colors_info=&#8221;{}&#8221;]</p>
<p>As apresentações terão a duração de 15 minutos. As conferências e apresentações presenciais poderão ser feitas em português, espanhol ou inglês. No caso de conferências, palestras ou comunicações orais em formato virtual, serão aceitas propostas em qualquer idioma da União Europeia.</p>
<p>[/et_pb_text][et_pb_text _builder_version=&#8221;4.27.6&#8243; text_font=&#8221;Montserrat||||||||&#8221; text_text_color=&#8221;#f8a912&#8243; text_font_size=&#8221;18px&#8221; header_font=&#8221;|700|||||||&#8221; text_orientation=&#8221;justified&#8221; text_font_size_tablet=&#8221;17px&#8221; text_font_size_phone=&#8221;16px&#8221; text_font_size_last_edited=&#8221;on|phone&#8221; global_colors_info=&#8221;{}&#8221;]<strong>Propostas de Comunicações</strong>[/et_pb_text][et_pb_text _builder_version=&#8221;4.27.6&#8243; text_font=&#8221;Montserrat||||||||&#8221; text_orientation=&#8221;justified&#8221; global_colors_info=&#8221;{}&#8221;]</p>
<p>As contribuições podem ser assinadas por uma ou várias pessoas. Para propor uma apresentação (presencial ou virtual), será necessário enviar o título, resumo (aproximadamente 250 palavras), linhas temáticas em que se inscreve a proposta e um breve curriculum vitae (um parágrafo), <a href="https://forms.gle/kab3ewBa2wcbnGDE6">através do formulário: https://forms.gle/kab3ewBa2wcbnGDE6</a><a href="https://forms.gle/kab3ewBa2wcbnGDE6" target="_blank" rel="noopener"></a></p>
<p>[/et_pb_text][et_pb_text _builder_version=&#8221;4.27.6&#8243; text_font=&#8221;Montserrat||||||||&#8221; text_text_color=&#8221;#f8a912&#8243; text_font_size=&#8221;18px&#8221; text_font_size_tablet=&#8221;17px&#8221; text_font_size_phone=&#8221;16px&#8221; text_font_size_last_edited=&#8221;on|phone&#8221; global_colors_info=&#8221;{}&#8221;]</p>
<p><strong>Propostas de mesas-redondas e oficinas</strong></p>
<p>[/et_pb_text][et_pb_text _builder_version=&#8221;4.27.6&#8243; text_font=&#8221;Montserrat||||||||&#8221; global_colors_info=&#8221;{}&#8221;]</p>
<p>As propostas de mesas-redondas e oficinas devem ser submetidas por meio do formulário: <a href="https://forms.gle/kab3ewBa2wcbnGDE6" target="_blank" rel="noopener">https://forms.gle/kab3ewBa2wcbnGDE6</a>.</p>
<p>As submissões de mesas-redondas devem incluir a indicação de 3 a 4 expositoras/es, o título da mesa e um breve resumo da proposta. Cada mesa terá duração de 90 minutos e será dedicada à discussão de um tema específico, promovendo um debate qualificado, plural e equilibrado, com a mediação de um/uma moderador/a.</p>
<p>[/et_pb_text][et_pb_text _builder_version=&#8221;4.27.6&#8243; text_font=&#8221;Montserrat||||||||&#8221; text_text_color=&#8221;#f8a912&#8243; text_font_size=&#8221;18px&#8221; text_font_size_tablet=&#8221;17px&#8221; text_font_size_phone=&#8221;15px&#8221; text_font_size_last_edited=&#8221;on|phone&#8221; global_colors_info=&#8221;{}&#8221;]</p>
<p><strong>Prazos</strong></p>
<p>[/et_pb_text][et_pb_text _builder_version=&#8221;4.27.6&#8243; text_font=&#8221;Montserrat||||||||&#8221; custom_padding=&#8221;3px|||||&#8221; global_colors_info=&#8221;{}&#8221;]</p>
<p>Prazo para recebimento das propostas de comunicações, mesas-redondas e oficinas: <strong>até 23 de abril de 2026, dia Internacional do Livro.</strong></p>
<p> A aceitação ou rejeição será informada por ordem de recebimento e, em qualquer caso, no prazo de duas semanas.</p>
<p>[/et_pb_text][/et_pb_column][et_pb_column type=&#8221;1_4&#8243; _builder_version=&#8221;4.16&#8243; global_colors_info=&#8221;{}&#8221;][et_pb_blurb use_icon=&#8221;on&#8221; font_icon=&#8221;&#xe025;||divi||400&#8243; icon_color=&#8221;#2893D2&#8243; image_icon_width=&#8221;80px&#8221; _builder_version=&#8221;4.27.6&#8243; width=&#8221;114.1%&#8221; custom_margin=&#8221;|||-25px|false|false&#8221; custom_padding=&#8221;10px|15px||15px|false|false&#8221; hover_enabled=&#8221;0&#8243; box_shadow_style=&#8221;preset2&#8243; icon_font_size=&#8221;80px&#8221; global_colors_info=&#8221;{}&#8221; sticky_enabled=&#8221;0&#8243;]<span style="color: #2893d2;"><strong>20-jun-2026. </strong></span> Prazo final para envio de propostas<br />
<span style="text-decoration: line-through;"><span style="color: #2893d2; text-decoration: line-through;"><strong>23-abr-2026.</strong></span> Prazo para envio de propostas</span><br />
<span style="color: #2893d2;"><strong>01-jun-2026.</strong></span> Prazo para inscrição e pagamento antecipado<br />
<span style="color: #2893d2;"><strong>31-jul-2026. </strong></span>Prazo para inscrição e pagamento<br />
<span style="color: #2893d2;"><strong>03-set-2026.</strong></span> Inauguração do V CICELI<br />
<span style="color: #2893d2;"><strong>05-set-2026.</strong></span> Encerramento do V CICELI</p>
<p>&nbsp;[/et_pb_blurb][/et_pb_column][/et_pb_row][/et_pb_section][et_pb_section fb_built=&#8221;1&#8243; _builder_version=&#8221;4.16&#8243; global_colors_info=&#8221;{}&#8221;][et_pb_row column_structure=&#8221;3_5,2_5&#8243; _builder_version=&#8221;4.16&#8243; box_shadow_style=&#8221;preset3&#8243; global_colors_info=&#8221;{}&#8221;][et_pb_column type=&#8221;3_5&#8243; _builder_version=&#8221;4.16&#8243; background_enable_color=&#8221;off&#8221; global_colors_info=&#8221;{}&#8221;][et_pb_text _builder_version=&#8221;4.27.6&#8243; text_font=&#8221;Montserrat||||||||&#8221; text_orientation=&#8221;justified&#8221; custom_margin=&#8221;10px|||20px|false|false&#8221; global_colors_info=&#8221;{}&#8221;]</p>
<p>Em edições anteriores, recebemos propostas de pesquisadores e pesquisadoras de mais de 200 universidades de todo o mundo, professors/as e estudantes de 24 países, especialmente dos Estados Unidos e da Espanha e, em menor representação, do México, Colômbia, França, Polônia, Canadá, Chile, Brasil, Itália, etc.</p>
<p>[/et_pb_text][/et_pb_column][et_pb_column type=&#8221;2_5&#8243; _builder_version=&#8221;4.16&#8243; global_colors_info=&#8221;{}&#8221;][et_pb_image src=&#8221;https://www.ciceli.es/pt/wp-content/uploads/2019/11/2.png&#8221; _builder_version=&#8221;4.16&#8243; custom_margin=&#8221;|15px|||false|false&#8221; global_colors_info=&#8221;{}&#8221;][/et_pb_image][/et_pb_column][/et_pb_row][/et_pb_section]</p>

<p>ParticipaçãoAs apresentações terão a duração de 15 minutos. As conferências e apresentações presenciais poderão ser feitas em português, espanhol ou inglês. No caso de conferências, palestras ou comunicações orais em formato virtual, serão aceitas propostas em qualquer idioma da União Europeia.Propostas de ComunicaçõesAs contribuições podem ser assinadas por uma ou várias pessoas. Para propor uma [&hellip;]</p>
