{"id":2926,"date":"2026-03-07T23:33:16","date_gmt":"2026-03-07T22:33:16","guid":{"rendered":"https:\/\/www.ciceli.es\/pt\/?page_id=2926"},"modified":"2026-03-12T16:40:00","modified_gmt":"2026-03-12T15:40:00","slug":"v-ciceli-comites","status":"publish","type":"page","link":"https:\/\/www.ciceli.es\/pt\/v-ciceli-comites\/","title":{"rendered":"V CICELI &#8211; Comit\u00eas"},"content":{"rendered":"<p>[et_pb_section fb_built=&#8221;1&#8243; prev_background_color=&#8221;#ffffff&#8221; _builder_version=&#8221;4.16&#8243; background_color=&#8221;#2893D2&#8243; background_enable_image=&#8221;off&#8221; background_blend=&#8221;darken&#8221; height=&#8221;200px&#8221; custom_margin=&#8221;||||false|false&#8221; top_divider_style=&#8221;arrow3&#8243; bottom_divider_style=&#8221;curve&#8221; bottom_divider_color=&#8221;#ffffff&#8221; bottom_divider_height=&#8221;29px&#8221; global_colors_info=&#8221;{}&#8221;][et_pb_row _builder_version=&#8221;4.16&#8243; custom_padding=&#8221;0px|||||&#8221; global_colors_info=&#8221;{}&#8221;][et_pb_column type=&#8221;4_4&#8243; _builder_version=&#8221;4.16&#8243; global_colors_info=&#8221;{}&#8221;][et_pb_text _builder_version=&#8221;4.27.6&#8243; text_font=&#8221;Annie Use Your Telescope|700|||||||&#8221; text_text_color=&#8221;#ffffff&#8221; text_font_size=&#8221;55px&#8221; text_letter_spacing=&#8221;2px&#8221; text_line_height=&#8221;1.9em&#8221; text_orientation=&#8221;center&#8221; custom_margin=&#8221;||-24px|||&#8221; custom_padding=&#8221;0px|||||&#8221; text_font_size_tablet=&#8221;50px&#8221; text_font_size_phone=&#8221;46px&#8221; text_font_size_last_edited=&#8221;on|phone&#8221; text_text_shadow_style=&#8221;preset1&#8243; global_colors_info=&#8221;{}&#8221;]<\/p>\n<p>Comit\u00eas<\/p>\n<p>[\/et_pb_text][\/et_pb_column][\/et_pb_row][\/et_pb_section][et_pb_section fb_built=&#8221;1&#8243; _builder_version=&#8221;4.16&#8243; custom_padding=&#8221;||1px|||&#8221; global_colors_info=&#8221;{}&#8221;][et_pb_row column_structure=&#8221;3_4,1_4&#8243; _builder_version=&#8221;4.16&#8243; global_colors_info=&#8221;{}&#8221;][et_pb_column type=&#8221;3_4&#8243; _builder_version=&#8221;4.16&#8243; global_colors_info=&#8221;{}&#8221;][et_pb_text _builder_version=&#8221;4.27.6&#8243; text_font=&#8221;||||||||&#8221; global_colors_info=&#8221;{}&#8221;]<\/p>\n<h1><strong>Comit\u00ea organizador<\/strong><\/h1>\n<p>Juliana Henriques de Luna Freire &#8211; Universidade Federal da Para\u00edba, UFPB (Brasil) &#8211; presidenta<br \/>Alexsandra Carvalho de Sousa &#8211; Universidade Federal da Para\u00edba, UFPB (Brasil)- secretaria acad\u00e9mica<br \/>Ana Berenice Peres Martorelli &#8211; Ag\u00eancia de Coopera\u00e7\u00e3o Internacional, UFPB (Brasil)<br \/>Ana L\u00facia do Nascimento Pereira &#8211; Universidade Federal da Para\u00edba, UFPB (Brasil)<br \/>Catalina Mil\u00e1n-Scheiding &#8211; Berklee College of Music (Espanha)<br \/>Elia Saneleuterio &#8211; Universitat de Val\u00e8ncia, UV (Espanha)<br \/>Emanuella Bezerra de Oliveira &#8211; Universidade Federal da Para\u00edba, UFPB (Brasil)<br \/>Laryssa Luanna Ribeiro de Sales &#8211; Universidade Federal da Para\u00edba, UFPB (Brasil)<br \/>Manoela Fragali Pane &#8211; Universidade Federal da Para\u00edba, UFPB (Brasil)<br \/>Maria \u00c1ngeles Chavarr\u00eda Aznar &#8211; Universidad Europea de Valencia (Espanha)<br \/>Maria Dayane Lira Dantas &#8211; Universidade Federal da Para\u00edba, UFPB (Brasil)<br \/>Teresa Fern\u00e1ndez Ulloa &#8211; California State University, Bakersfield (EUA\/EEUU)<\/p>\n<p><em>Apoyo t\u00e9cnico<\/em><br \/>Olga M\u00ednguez L\u00f3pez<\/p>\n<p>&nbsp;<\/p>\n<p>[\/et_pb_text][\/et_pb_column][et_pb_column type=&#8221;1_4&#8243; _builder_version=&#8221;4.16&#8243; global_colors_info=&#8221;{}&#8221;][\/et_pb_column][\/et_pb_row][et_pb_row column_structure=&#8221;1_3,2_3&#8243; _builder_version=&#8221;4.16&#8243; custom_padding=&#8221;||7px|||&#8221; global_colors_info=&#8221;{}&#8221;][et_pb_column type=&#8221;1_3&#8243; _builder_version=&#8221;4.16&#8243; global_colors_info=&#8221;{}&#8221;][\/et_pb_column][et_pb_column type=&#8221;2_3&#8243; _builder_version=&#8221;4.16&#8243; global_colors_info=&#8221;{}&#8221;][et_pb_text _builder_version=&#8221;4.27.6&#8243; width=&#8221;97.4%&#8221; hover_enabled=&#8221;0&#8243; global_colors_info=&#8221;{}&#8221; sticky_enabled=&#8221;0&#8243;]<\/p>\n<h1><strong>Comit\u00ea cient\u00edfico<\/strong><\/h1>\n<p>Alexsandra Carvalho de Sousa- Universidade Federal da Para\u00edba, UFPB (Brasil)<br \/>Ana Berenice Peres Martorelli- Ag\u00eancia de Coopera\u00e7\u00e3o Internacional, UFPB (Brasil)<br \/>Ana Mercedes Sevilla Pav\u00f3n- Universitat de Val\u00e8ncia, UV (Espanha)<br \/>Aur\u00edlia Coutinho Beserra de Andrade- Universidade Federal da Para\u00edba, UFPB (Brasil)<br \/>Brigida M. Pastor- Swansea University, Wales (Reino Unido)<br \/>Catalina Mil\u00e1n- Scheiding, Berklee College of Music (Espanha)<br \/>Charliton Jos\u00e9 dos Santos Machado- Universidade Federal da Para\u00edba, UFPB (Brasil)<br \/>D\u00e9bora Gil Pantale\u00e3o- Universidade Federal da Para\u00edba, UFPB (Brasil)<br \/>Denise Bortoletto- N\u00facleo de Educa\u00e7\u00e3o da Inf\u00e2ncia (NEI\/CAp\/UFRN)<br \/>Elia Saneleuterio- Universitat de Val\u00e8ncia, UV (Espanha)<br \/>Eliana Vasconcelos da Silva Esvael &#8211; Universidade Federal da Para\u00edba, UFPB (Brasil)<br \/>Emmanuel Le Vagueresse &#8211; Universit\u00e9 de Reims Champagne-Ardenne (Fran\u00e7a)<br \/>Em\u00edlia Maria da Trindade Prestes &#8211; Universidade Federal da Para\u00edba, UFPB (Brasil)<br \/>Fabiana Sena da Silva &#8211; Universidade Federal da Para\u00edba, UFPB (Brasil)<br \/>Fabr\u00edcia Sousa Montenegro &#8211; Universidade Federal da Para\u00edba, UFPB (Brasil)<br \/>Franciane Concei\u00e7\u00e3o da Silva &#8211; Universidade Federal da Para\u00edba, UFPB (Brasil)<br \/>Francinaide de Lima Silva Nascimento- Instituto Federal de Educa\u00e7\u00e3o, Ci\u00eancia e Tecnologia do Rio Grande do Norte, IFRN (Brasil)<br \/>Iker Gonz\u00e1lez-Allende- University of Nebraska-Lincoln (EUA)<br \/>Jos\u00e9 Coloma Maestre &#8211; Universidad de Alicante (Espanha)<br \/>Juan Carlos Casan N\u00fa\u00f1ez &#8211; Universitat de Val\u00e8ncia (Espanha)<br \/>Juliana Henriques de Luna Freire- Universidade Federal da Para\u00edba, UFPB (Brasil)<br \/>Laryssa Virg\u00edlio Pereira de Ara\u00fajo- Universidade Federal da Para\u00edba, UFPB (Brasil)<br \/>Luciana da Trindade Prestes- University of Tennessee, UTK (EUA)<br \/>Luciane Alves Santos- Universidade Federal da Para\u00edba, UFPB (Brasil)<br \/>Marcos Quintanilha da Silva- Universidade Federal da Para\u00edba, UFPB (Brasil)<br \/>Maristela de Oliveira Mosca- N\u00facleo de Educa\u00e7\u00e3o da Inf\u00e2ncia (NEI\/CAp\/UFRN)<br \/>Mar\u00eda Alcantud D\u00edaz- Universidad de Valencia (Espanha)<br \/>Mar\u00eda \u00c1ngeles Chavarr\u00eda Aznar- Universidad Europea de Valencia (Espanha)<br \/>Maria Aparecida de Oliveira- Universidade Federal da Para\u00edba, UFPB (Brasil)<br \/>Maria Graciele de Lima- Universidade Federal da Para\u00edba, UFPB (Brasil)<br \/>Maria Margareth de Lima- Universidade Federal da Para\u00edba, UFPB (Brasil)<br \/>Mar\u00eda Pareja Olcina- Universitat de Val\u00e8ncia (Espanha)<br \/>Marianne Carvalho B. Cavalcante- Universidade Federal da Para\u00edba, UFPB (Brasil)<br \/>Milene dos Santos Figueiredo- N\u00facleo de Educa\u00e7\u00e3o da Inf\u00e2ncia (NEI\/CAp\/UFRN)<br \/>Oswaldo Estrada- University of North Carolina at Chapel Hill (EUA)<br \/>Patr\u00edcia Silva Rosas de Ara\u00fajo- Universidade Federal da Para\u00edba, UFPB (Brasil)<br \/>Rebeca Cristina L\u00f3pez Gonz\u00e1lez &#8211; Universidade de Vigo (Espanha)<br \/>Roc\u00edo Domene Benito &#8211; Universidad de Valencia (Espanha)<br \/>Teresa Fern\u00e1ndez Ulloa &#8211; California State University, Bakersfield (EUA)<br \/>Thayana Priscila Domingos da Silva &#8211; Universidade Federal da Para\u00edba, UFPB (Brasil)<\/p>\n<p>&nbsp;<\/p>\n<p>[\/et_pb_text][\/et_pb_column][\/et_pb_row][\/et_pb_section]<\/p>\n","protected":false},"excerpt":{"rendered":"<p>Comit\u00easComit\u00ea organizador Juliana Henriques de Luna Freire &#8211; Universidade Federal da Para\u00edba, UFPB (Brasil) &#8211; presidentaAlexsandra Carvalho de Sousa &#8211; Universidade Federal da Para\u00edba, UFPB (Brasil)- secretaria acad\u00e9micaAna Berenice Peres Martorelli &#8211; Ag\u00eancia de Coopera\u00e7\u00e3o Internacional, UFPB (Brasil)Ana L\u00facia do Nascimento Pereira &#8211; Universidade Federal da Para\u00edba, UFPB (Brasil)Catalina Mil\u00e1n-Scheiding &#8211; Berklee College of Music [&hellip;]<\/p>\n","protected":false},"author":1,"featured_media":0,"parent":0,"menu_order":0,"comment_status":"closed","ping_status":"closed","template":"","meta":{"_et_pb_use_builder":"on","_et_pb_old_content":"","_et_gb_content_width":"","footnotes":""},"class_list":["post-2926","page","type-page","status-publish","hentry"],"_links":{"self":[{"href":"https:\/\/www.ciceli.es\/pt\/wp-json\/wp\/v2\/pages\/2926","targetHints":{"allow":["GET"]}}],"collection":[{"href":"https:\/\/www.ciceli.es\/pt\/wp-json\/wp\/v2\/pages"}],"about":[{"href":"https:\/\/www.ciceli.es\/pt\/wp-json\/wp\/v2\/types\/page"}],"author":[{"embeddable":true,"href":"https:\/\/www.ciceli.es\/pt\/wp-json\/wp\/v2\/users\/1"}],"replies":[{"embeddable":true,"href":"https:\/\/www.ciceli.es\/pt\/wp-json\/wp\/v2\/comments?post=2926"}],"version-history":[{"count":18,"href":"https:\/\/www.ciceli.es\/pt\/wp-json\/wp\/v2\/pages\/2926\/revisions"}],"predecessor-version":[{"id":3067,"href":"https:\/\/www.ciceli.es\/pt\/wp-json\/wp\/v2\/pages\/2926\/revisions\/3067"}],"wp:attachment":[{"href":"https:\/\/www.ciceli.es\/pt\/wp-json\/wp\/v2\/media?parent=2926"}],"curies":[{"name":"wp","href":"https:\/\/api.w.org\/{rel}","templated":true}]}}

V CICELI &#8211; Comitês

<p>[et_pb_section fb_built=&#8221;1&#8243; prev_background_color=&#8221;#ffffff&#8221; _builder_version=&#8221;4.16&#8243; background_color=&#8221;#2893D2&#8243; background_enable_image=&#8221;off&#8221; background_blend=&#8221;darken&#8221; height=&#8221;200px&#8221; custom_margin=&#8221;||||false|false&#8221; top_divider_style=&#8221;arrow3&#8243; bottom_divider_style=&#8221;curve&#8221; bottom_divider_color=&#8221;#ffffff&#8221; bottom_divider_height=&#8221;29px&#8221; global_colors_info=&#8221;{}&#8221;][et_pb_row _builder_version=&#8221;4.16&#8243; custom_padding=&#8221;0px|||||&#8221; global_colors_info=&#8221;{}&#8221;][et_pb_column type=&#8221;4_4&#8243; _builder_version=&#8221;4.16&#8243; global_colors_info=&#8221;{}&#8221;][et_pb_text _builder_version=&#8221;4.27.6&#8243; text_font=&#8221;Annie Use Your Telescope|700|||||||&#8221; text_text_color=&#8221;#ffffff&#8221; text_font_size=&#8221;55px&#8221; text_letter_spacing=&#8221;2px&#8221; text_line_height=&#8221;1.9em&#8221; text_orientation=&#8221;center&#8221; custom_margin=&#8221;||-24px|||&#8221; custom_padding=&#8221;0px|||||&#8221; text_font_size_tablet=&#8221;50px&#8221; text_font_size_phone=&#8221;46px&#8221; text_font_size_last_edited=&#8221;on|phone&#8221; text_text_shadow_style=&#8221;preset1&#8243; global_colors_info=&#8221;{}&#8221;]</p>
<p>Comitês</p>
<p>[/et_pb_text][/et_pb_column][/et_pb_row][/et_pb_section][et_pb_section fb_built=&#8221;1&#8243; _builder_version=&#8221;4.16&#8243; custom_padding=&#8221;||1px|||&#8221; global_colors_info=&#8221;{}&#8221;][et_pb_row column_structure=&#8221;3_4,1_4&#8243; _builder_version=&#8221;4.16&#8243; global_colors_info=&#8221;{}&#8221;][et_pb_column type=&#8221;3_4&#8243; _builder_version=&#8221;4.16&#8243; global_colors_info=&#8221;{}&#8221;][et_pb_text _builder_version=&#8221;4.27.6&#8243; text_font=&#8221;||||||||&#8221; global_colors_info=&#8221;{}&#8221;]</p>
<h1><strong>Comitê organizador</strong></h1>
<p>Juliana Henriques de Luna Freire &#8211; Universidade Federal da Paraíba, UFPB (Brasil) &#8211; presidenta<br />Alexsandra Carvalho de Sousa &#8211; Universidade Federal da Paraíba, UFPB (Brasil)- secretaria académica<br />Ana Berenice Peres Martorelli &#8211; Agência de Cooperação Internacional, UFPB (Brasil)<br />Ana Lúcia do Nascimento Pereira &#8211; Universidade Federal da Paraíba, UFPB (Brasil)<br />Catalina Milán-Scheiding &#8211; Berklee College of Music (Espanha)<br />Elia Saneleuterio &#8211; Universitat de València, UV (Espanha)<br />Emanuella Bezerra de Oliveira &#8211; Universidade Federal da Paraíba, UFPB (Brasil)<br />Laryssa Luanna Ribeiro de Sales &#8211; Universidade Federal da Paraíba, UFPB (Brasil)<br />Manoela Fragali Pane &#8211; Universidade Federal da Paraíba, UFPB (Brasil)<br />Maria Ángeles Chavarría Aznar &#8211; Universidad Europea de Valencia (Espanha)<br />Maria Dayane Lira Dantas &#8211; Universidade Federal da Paraíba, UFPB (Brasil)<br />Teresa Fernández Ulloa &#8211; California State University, Bakersfield (EUA/EEUU)</p>
<p><em>Apoyo técnico</em><br />Olga Mínguez López</p>
<p>&nbsp;</p>
<p>[/et_pb_text][/et_pb_column][et_pb_column type=&#8221;1_4&#8243; _builder_version=&#8221;4.16&#8243; global_colors_info=&#8221;{}&#8221;][/et_pb_column][/et_pb_row][et_pb_row column_structure=&#8221;1_3,2_3&#8243; _builder_version=&#8221;4.16&#8243; custom_padding=&#8221;||7px|||&#8221; global_colors_info=&#8221;{}&#8221;][et_pb_column type=&#8221;1_3&#8243; _builder_version=&#8221;4.16&#8243; global_colors_info=&#8221;{}&#8221;][/et_pb_column][et_pb_column type=&#8221;2_3&#8243; _builder_version=&#8221;4.16&#8243; global_colors_info=&#8221;{}&#8221;][et_pb_text _builder_version=&#8221;4.27.6&#8243; width=&#8221;97.4%&#8221; hover_enabled=&#8221;0&#8243; global_colors_info=&#8221;{}&#8221; sticky_enabled=&#8221;0&#8243;]</p>
<h1><strong>Comitê científico</strong></h1>
<p>Alexsandra Carvalho de Sousa- Universidade Federal da Paraíba, UFPB (Brasil)<br />Ana Berenice Peres Martorelli- Agência de Cooperação Internacional, UFPB (Brasil)<br />Ana Mercedes Sevilla Pavón- Universitat de València, UV (Espanha)<br />Aurília Coutinho Beserra de Andrade- Universidade Federal da Paraíba, UFPB (Brasil)<br />Brigida M. Pastor- Swansea University, Wales (Reino Unido)<br />Catalina Milán- Scheiding, Berklee College of Music (Espanha)<br />Charliton José dos Santos Machado- Universidade Federal da Paraíba, UFPB (Brasil)<br />Débora Gil Pantaleão- Universidade Federal da Paraíba, UFPB (Brasil)<br />Denise Bortoletto- Núcleo de Educação da Infância (NEI/CAp/UFRN)<br />Elia Saneleuterio- Universitat de València, UV (Espanha)<br />Eliana Vasconcelos da Silva Esvael &#8211; Universidade Federal da Paraíba, UFPB (Brasil)<br />Emmanuel Le Vagueresse &#8211; Université de Reims Champagne-Ardenne (França)<br />Emília Maria da Trindade Prestes &#8211; Universidade Federal da Paraíba, UFPB (Brasil)<br />Fabiana Sena da Silva &#8211; Universidade Federal da Paraíba, UFPB (Brasil)<br />Fabrícia Sousa Montenegro &#8211; Universidade Federal da Paraíba, UFPB (Brasil)<br />Franciane Conceição da Silva &#8211; Universidade Federal da Paraíba, UFPB (Brasil)<br />Francinaide de Lima Silva Nascimento- Instituto Federal de Educação, Ciência e Tecnologia do Rio Grande do Norte, IFRN (Brasil)<br />Iker González-Allende- University of Nebraska-Lincoln (EUA)<br />José Coloma Maestre &#8211; Universidad de Alicante (Espanha)<br />Juan Carlos Casan Núñez &#8211; Universitat de València (Espanha)<br />Juliana Henriques de Luna Freire- Universidade Federal da Paraíba, UFPB (Brasil)<br />Laryssa Virgílio Pereira de Araújo- Universidade Federal da Paraíba, UFPB (Brasil)<br />Luciana da Trindade Prestes- University of Tennessee, UTK (EUA)<br />Luciane Alves Santos- Universidade Federal da Paraíba, UFPB (Brasil)<br />Marcos Quintanilha da Silva- Universidade Federal da Paraíba, UFPB (Brasil)<br />Maristela de Oliveira Mosca- Núcleo de Educação da Infância (NEI/CAp/UFRN)<br />María Alcantud Díaz- Universidad de Valencia (Espanha)<br />María Ángeles Chavarría Aznar- Universidad Europea de Valencia (Espanha)<br />Maria Aparecida de Oliveira- Universidade Federal da Paraíba, UFPB (Brasil)<br />Maria Graciele de Lima- Universidade Federal da Paraíba, UFPB (Brasil)<br />Maria Margareth de Lima- Universidade Federal da Paraíba, UFPB (Brasil)<br />María Pareja Olcina- Universitat de València (Espanha)<br />Marianne Carvalho B. Cavalcante- Universidade Federal da Paraíba, UFPB (Brasil)<br />Milene dos Santos Figueiredo- Núcleo de Educação da Infância (NEI/CAp/UFRN)<br />Oswaldo Estrada- University of North Carolina at Chapel Hill (EUA)<br />Patrícia Silva Rosas de Araújo- Universidade Federal da Paraíba, UFPB (Brasil)<br />Rebeca Cristina López González &#8211; Universidade de Vigo (Espanha)<br />Rocío Domene Benito &#8211; Universidad de Valencia (Espanha)<br />Teresa Fernández Ulloa &#8211; California State University, Bakersfield (EUA)<br />Thayana Priscila Domingos da Silva &#8211; Universidade Federal da Paraíba, UFPB (Brasil)</p>
<p>&nbsp;</p>
<p>[/et_pb_text][/et_pb_column][/et_pb_row][/et_pb_section]</p>

<p>ComitêsComitê organizador Juliana Henriques de Luna Freire &#8211; Universidade Federal da Paraíba, UFPB (Brasil) &#8211; presidentaAlexsandra Carvalho de Sousa &#8211; Universidade Federal da Paraíba, UFPB (Brasil)- secretaria académicaAna Berenice Peres Martorelli &#8211; Agência de Cooperação Internacional, UFPB (Brasil)Ana Lúcia do Nascimento Pereira &#8211; Universidade Federal da Paraíba, UFPB (Brasil)Catalina Milán-Scheiding &#8211; Berklee College of Music [&hellip;]</p>
