{"id":2917,"date":"2026-03-07T23:17:57","date_gmt":"2026-03-07T22:17:57","guid":{"rendered":"https:\/\/www.ciceli.es\/pt\/?page_id=2917"},"modified":"2026-03-29T22:44:29","modified_gmt":"2026-03-29T21:44:29","slug":"borrador-automatico","status":"publish","type":"page","link":"https:\/\/www.ciceli.es\/pt\/borrador-automatico\/","title":{"rendered":"V CICELI &#8211; Linhas tem\u00e1ticas"},"content":{"rendered":"<p>[et_pb_section fb_built=&#8221;1&#8243; prev_background_color=&#8221;#ffffff&#8221; _builder_version=&#8221;4.16&#8243; background_color=&#8221;#ACCE65&#8243; background_enable_image=&#8221;off&#8221; background_blend=&#8221;darken&#8221; height=&#8221;200px&#8221; custom_margin=&#8221;||||false|false&#8221; top_divider_style=&#8221;arrow3&#8243; bottom_divider_style=&#8221;slant&#8221; bottom_divider_color=&#8221;#ffffff&#8221; bottom_divider_height=&#8221;29px&#8221; global_colors_info=&#8221;{}&#8221;][et_pb_row _builder_version=&#8221;4.16&#8243; custom_padding=&#8221;0px|||||&#8221; global_colors_info=&#8221;{}&#8221;][et_pb_column type=&#8221;4_4&#8243; _builder_version=&#8221;4.16&#8243; global_colors_info=&#8221;{}&#8221;][et_pb_text _builder_version=&#8221;4.27.6&#8243; text_font=&#8221;Annie Use Your Telescope|700|||||||&#8221; text_text_color=&#8221;#ffffff&#8221; text_font_size=&#8221;65px&#8221; text_letter_spacing=&#8221;2px&#8221; text_line_height=&#8221;1.9em&#8221; text_orientation=&#8221;center&#8221; custom_margin=&#8221;||-24px|||&#8221; custom_padding=&#8221;0px|||||&#8221; text_text_shadow_style=&#8221;preset1&#8243; global_colors_info=&#8221;{}&#8221;]<\/p>\n<p>Linhas tem\u00e1ticas<\/p>\n<p>[\/et_pb_text][\/et_pb_column][\/et_pb_row][\/et_pb_section][et_pb_section fb_built=&#8221;1&#8243; admin_label=&#8221;section&#8221; _builder_version=&#8221;4.16&#8243; global_colors_info=&#8221;{}&#8221;][et_pb_row admin_label=&#8221;row&#8221; _builder_version=&#8221;4.16&#8243; background_size=&#8221;initial&#8221; background_position=&#8221;top_left&#8221; background_repeat=&#8221;repeat&#8221; global_colors_info=&#8221;{}&#8221;][et_pb_column type=&#8221;4_4&#8243; _builder_version=&#8221;4.16&#8243; custom_padding=&#8221;|||&#8221; global_colors_info=&#8221;{}&#8221; custom_padding__hover=&#8221;|||&#8221;][et_pb_text _builder_version=&#8221;4.27.6&#8243; text_font=&#8221;Montserrat||||||||&#8221; text_orientation=&#8221;justified&#8221; custom_margin=&#8221;|||35px|false|false&#8221; global_colors_info=&#8221;{}&#8221;]<\/p>\n<ol>\n<li>Autoras e artistas na educa\u00e7\u00e3o liter\u00e1ria e intercultural.<\/li>\n<li>O papel das artes e da literatura no fomento da coeduca\u00e7\u00e3o, equidade e inclus\u00e3o educativa (cinema, s\u00e9ries de TV, narrativa transm\u00eddia, comics, pintura, escultura&#8230;).<\/li>\n<li>Estudos sobre protagonistas femininas ou sobre personagens de fic\u00e7\u00e3o que promovam a igualdade ou que representem a diversidade em toda sua riqueza e complexidade.<\/li>\n<li>Propostas ou experi\u00eancias did\u00e1ticas que partam da obra de mulheres ou de pessoas marginalizadas por motivos de defici\u00eancia, orienta\u00e7\u00e3o sexual, ra\u00e7a, religi\u00e3o, de todas as \u00e9pocas e \u00e2mbitos.<\/li>\n<li>Humanidades ambientais e aplica\u00e7\u00f5es educacionais da ecocr\u00edtica e do ecofeminismo.<\/li>\n<li>A educa\u00e7\u00e3o como tema liter\u00e1rio, art\u00edstico ou f\u00edlmico desde um ponto de vista de igualdade de g\u00eanero e justi\u00e7a social. <\/li>\n<\/ol>\n<p>[\/et_pb_text][\/et_pb_column][\/et_pb_row][et_pb_row column_structure=&#8221;1_2,1_2&#8243; _builder_version=&#8221;4.16&#8243; global_colors_info=&#8221;{}&#8221;][et_pb_column type=&#8221;1_2&#8243; _builder_version=&#8221;4.16&#8243; global_colors_info=&#8221;{}&#8221;][et_pb_image src=&#8221;https:\/\/www.ciceli.es\/pt\/wp-content\/uploads\/2019\/11\/GON_1328_WEB-2_opt.jpg&#8221; align=&#8221;center&#8221; _builder_version=&#8221;4.16&#8243; global_colors_info=&#8221;{}&#8221;][\/et_pb_image][\/et_pb_column][et_pb_column type=&#8221;1_2&#8243; _builder_version=&#8221;4.16&#8243; global_colors_info=&#8221;{}&#8221;][et_pb_text _builder_version=&#8221;4.27.6&#8243; text_font=&#8221;Montserrat||||||||&#8221; text_orientation=&#8221;justified&#8221; hover_enabled=&#8221;0&#8243; global_colors_info=&#8221;{}&#8221; sticky_enabled=&#8221;0&#8243;]<\/p>\n<ol start=\"7\">\n<li>Educa\u00e7\u00e3o liter\u00e1ria e forma\u00e7\u00e3o do leitor: experi\u00eancias escolares.<\/li>\n<li>Estudos comparativos sobre igualdade, equidade e justi\u00e7a social no curr\u00edculo, nos livros did\u00e1tico ou outros materiais educativos.<\/li>\n<li>Professoras e pesquisadoras como criadoras de experi\u00eancias educativas de qualidade (educa\u00e7\u00e3o infantil, ensino fundamental, ensino m\u00e9dio, EJA, universidades).<\/li>\n<li>A educa\u00e7\u00e3o liter\u00e1ria e a poesia escrita por mulheres nos espa\u00e7os digitais (poesia multimodal, blogs\/vlogs, microblogging, TikTok, Instagram, Youtube, etc.).<\/li>\n<li>Educa\u00e7\u00e3o, educadoras e pr\u00e1ticas de escrita.\u00a0\n<p>&nbsp;<\/p>\n<\/li>\n<\/ol>\n<p>[\/et_pb_text][\/et_pb_column][\/et_pb_row][\/et_pb_section]<\/p>\n","protected":false},"excerpt":{"rendered":"<p>Linhas tem\u00e1ticas Autoras e artistas na educa\u00e7\u00e3o liter\u00e1ria e intercultural. O papel das artes e da literatura no fomento da coeduca\u00e7\u00e3o, equidade e inclus\u00e3o educativa (cinema, s\u00e9ries de TV, narrativa transm\u00eddia, comics, pintura, escultura&#8230;). Estudos sobre protagonistas femininas ou sobre personagens de fic\u00e7\u00e3o que promovam a igualdade ou que representem a diversidade em toda sua [&hellip;]<\/p>\n","protected":false},"author":1,"featured_media":0,"parent":0,"menu_order":0,"comment_status":"closed","ping_status":"closed","template":"","meta":{"_et_pb_use_builder":"on","_et_pb_old_content":"","_et_gb_content_width":"","footnotes":""},"class_list":["post-2917","page","type-page","status-publish","hentry"],"_links":{"self":[{"href":"https:\/\/www.ciceli.es\/pt\/wp-json\/wp\/v2\/pages\/2917","targetHints":{"allow":["GET"]}}],"collection":[{"href":"https:\/\/www.ciceli.es\/pt\/wp-json\/wp\/v2\/pages"}],"about":[{"href":"https:\/\/www.ciceli.es\/pt\/wp-json\/wp\/v2\/types\/page"}],"author":[{"embeddable":true,"href":"https:\/\/www.ciceli.es\/pt\/wp-json\/wp\/v2\/users\/1"}],"replies":[{"embeddable":true,"href":"https:\/\/www.ciceli.es\/pt\/wp-json\/wp\/v2\/comments?post=2917"}],"version-history":[{"count":9,"href":"https:\/\/www.ciceli.es\/pt\/wp-json\/wp\/v2\/pages\/2917\/revisions"}],"predecessor-version":[{"id":3113,"href":"https:\/\/www.ciceli.es\/pt\/wp-json\/wp\/v2\/pages\/2917\/revisions\/3113"}],"wp:attachment":[{"href":"https:\/\/www.ciceli.es\/pt\/wp-json\/wp\/v2\/media?parent=2917"}],"curies":[{"name":"wp","href":"https:\/\/api.w.org\/{rel}","templated":true}]}}

V CICELI &#8211; Linhas temáticas

<p>[et_pb_section fb_built=&#8221;1&#8243; prev_background_color=&#8221;#ffffff&#8221; _builder_version=&#8221;4.16&#8243; background_color=&#8221;#ACCE65&#8243; background_enable_image=&#8221;off&#8221; background_blend=&#8221;darken&#8221; height=&#8221;200px&#8221; custom_margin=&#8221;||||false|false&#8221; top_divider_style=&#8221;arrow3&#8243; bottom_divider_style=&#8221;slant&#8221; bottom_divider_color=&#8221;#ffffff&#8221; bottom_divider_height=&#8221;29px&#8221; global_colors_info=&#8221;{}&#8221;][et_pb_row _builder_version=&#8221;4.16&#8243; custom_padding=&#8221;0px|||||&#8221; global_colors_info=&#8221;{}&#8221;][et_pb_column type=&#8221;4_4&#8243; _builder_version=&#8221;4.16&#8243; global_colors_info=&#8221;{}&#8221;][et_pb_text _builder_version=&#8221;4.27.6&#8243; text_font=&#8221;Annie Use Your Telescope|700|||||||&#8221; text_text_color=&#8221;#ffffff&#8221; text_font_size=&#8221;65px&#8221; text_letter_spacing=&#8221;2px&#8221; text_line_height=&#8221;1.9em&#8221; text_orientation=&#8221;center&#8221; custom_margin=&#8221;||-24px|||&#8221; custom_padding=&#8221;0px|||||&#8221; text_text_shadow_style=&#8221;preset1&#8243; global_colors_info=&#8221;{}&#8221;]</p>
<p>Linhas temáticas</p>
<p>[/et_pb_text][/et_pb_column][/et_pb_row][/et_pb_section][et_pb_section fb_built=&#8221;1&#8243; admin_label=&#8221;section&#8221; _builder_version=&#8221;4.16&#8243; global_colors_info=&#8221;{}&#8221;][et_pb_row admin_label=&#8221;row&#8221; _builder_version=&#8221;4.16&#8243; background_size=&#8221;initial&#8221; background_position=&#8221;top_left&#8221; background_repeat=&#8221;repeat&#8221; global_colors_info=&#8221;{}&#8221;][et_pb_column type=&#8221;4_4&#8243; _builder_version=&#8221;4.16&#8243; custom_padding=&#8221;|||&#8221; global_colors_info=&#8221;{}&#8221; custom_padding__hover=&#8221;|||&#8221;][et_pb_text _builder_version=&#8221;4.27.6&#8243; text_font=&#8221;Montserrat||||||||&#8221; text_orientation=&#8221;justified&#8221; custom_margin=&#8221;|||35px|false|false&#8221; global_colors_info=&#8221;{}&#8221;]</p>
<ol>
<li>Autoras e artistas na educação literária e intercultural.</li>
<li>O papel das artes e da literatura no fomento da coeducação, equidade e inclusão educativa (cinema, séries de TV, narrativa transmídia, comics, pintura, escultura&#8230;).</li>
<li>Estudos sobre protagonistas femininas ou sobre personagens de ficção que promovam a igualdade ou que representem a diversidade em toda sua riqueza e complexidade.</li>
<li>Propostas ou experiências didáticas que partam da obra de mulheres ou de pessoas marginalizadas por motivos de deficiência, orientação sexual, raça, religião, de todas as épocas e âmbitos.</li>
<li>Humanidades ambientais e aplicações educacionais da ecocrítica e do ecofeminismo.</li>
<li>A educação como tema literário, artístico ou fílmico desde um ponto de vista de igualdade de gênero e justiça social. </li>
</ol>
<p>[/et_pb_text][/et_pb_column][/et_pb_row][et_pb_row column_structure=&#8221;1_2,1_2&#8243; _builder_version=&#8221;4.16&#8243; global_colors_info=&#8221;{}&#8221;][et_pb_column type=&#8221;1_2&#8243; _builder_version=&#8221;4.16&#8243; global_colors_info=&#8221;{}&#8221;][et_pb_image src=&#8221;https://www.ciceli.es/pt/wp-content/uploads/2019/11/GON_1328_WEB-2_opt.jpg&#8221; align=&#8221;center&#8221; _builder_version=&#8221;4.16&#8243; global_colors_info=&#8221;{}&#8221;][/et_pb_image][/et_pb_column][et_pb_column type=&#8221;1_2&#8243; _builder_version=&#8221;4.16&#8243; global_colors_info=&#8221;{}&#8221;][et_pb_text _builder_version=&#8221;4.27.6&#8243; text_font=&#8221;Montserrat||||||||&#8221; text_orientation=&#8221;justified&#8221; hover_enabled=&#8221;0&#8243; global_colors_info=&#8221;{}&#8221; sticky_enabled=&#8221;0&#8243;]</p>
<ol start="7">
<li>Educação literária e formação do leitor: experiências escolares.</li>
<li>Estudos comparativos sobre igualdade, equidade e justiça social no currículo, nos livros didático ou outros materiais educativos.</li>
<li>Professoras e pesquisadoras como criadoras de experiências educativas de qualidade (educação infantil, ensino fundamental, ensino médio, EJA, universidades).</li>
<li>A educação literária e a poesia escrita por mulheres nos espaços digitais (poesia multimodal, blogs/vlogs, microblogging, TikTok, Instagram, Youtube, etc.).</li>
<li>Educação, educadoras e práticas de escrita. 
<p>&nbsp;</p>
</li>
</ol>
<p>[/et_pb_text][/et_pb_column][/et_pb_row][/et_pb_section]</p>

<p>Linhas temáticas Autoras e artistas na educação literária e intercultural. O papel das artes e da literatura no fomento da coeducação, equidade e inclusão educativa (cinema, séries de TV, narrativa transmídia, comics, pintura, escultura&#8230;). Estudos sobre protagonistas femininas ou sobre personagens de ficção que promovam a igualdade ou que representem a diversidade em toda sua [&hellip;]</p>
