{"id":2908,"date":"2026-03-07T23:10:59","date_gmt":"2026-03-07T22:10:59","guid":{"rendered":"https:\/\/www.ciceli.es\/pt\/?page_id=2908"},"modified":"2026-04-25T09:12:03","modified_gmt":"2026-04-25T08:12:03","slug":"v-ciceli","status":"publish","type":"page","link":"https:\/\/www.ciceli.es\/pt\/","title":{"rendered":"V CICELI"},"content":{"rendered":"<p>[et_pb_section fb_built=&#8221;1&#8243; next_background_color=&#8221;#ffffff&#8221; _builder_version=&#8221;4.27.6&#8243; background_image=&#8221;https:\/\/www.ciceli.es\/pt\/wp-content\/uploads\/2025\/11\/ciceli.jpg&#8221; custom_margin=&#8221;-13px|||||&#8221; custom_padding=&#8221;125px|||||&#8221; bottom_divider_style=&#8221;arrow2&#8243; bottom_divider_height=&#8221;59px&#8221; global_colors_info=&#8221;{}&#8221;][et_pb_row _builder_version=&#8221;4.16&#8243; background_enable_image=&#8221;off&#8221; background_position=&#8221;top_center&#8221; background_blend=&#8221;luminosity&#8221; custom_margin=&#8221;30px||10px||false|false&#8221; custom_padding=&#8221;62px||57px||false|false&#8221; global_colors_info=&#8221;{}&#8221;][et_pb_column type=&#8221;4_4&#8243; _builder_version=&#8221;4.16&#8243; global_colors_info=&#8221;{}&#8221;][et_pb_text _builder_version=&#8221;4.27.6&#8243; text_font=&#8221;Annie Use Your Telescope|700||||on|||&#8221; text_text_color=&#8221;#ffffff&#8221; text_font_size=&#8221;39px&#8221; text_letter_spacing=&#8221;2px&#8221; transform_scale=&#8221;86%|86%&#8221; transform_translate=&#8221;0px|96px&#8221; text_orientation=&#8221;center&#8221; custom_margin=&#8221;139px||0px||false|false&#8221; custom_padding=&#8221;33px||||false|false&#8221; text_text_shadow_style=&#8221;preset1&#8243; global_colors_info=&#8221;{}&#8221;]<\/p>\n<p style=\"text-align: center;\"><strong>V Congresso Internacional <\/strong><\/p>\n<p style=\"text-align: center;\"><strong>\u201cCriadorAS na Educa\u00e7\u00e3o Liter\u00e1ria e Intercultural\u201d (CICELI)<\/strong><\/p>\n<p style=\"text-align: center;\"><strong>3-5 de setembro de 2026<\/strong><\/p>\n<p style=\"text-align: center;\">Universidade Federal da Para\u00edba (UFPB, Brasil)<\/p>\n<p>[\/et_pb_text][\/et_pb_column][\/et_pb_row][\/et_pb_section][et_pb_section fb_built=&#8221;1&#8243; _builder_version=&#8221;4.16&#8243; global_colors_info=&#8221;{}&#8221;][et_pb_row column_structure=&#8221;3_4,1_4&#8243; _builder_version=&#8221;4.16&#8243; global_colors_info=&#8221;{}&#8221;][et_pb_column type=&#8221;3_4&#8243; _builder_version=&#8221;4.16&#8243; global_colors_info=&#8221;{}&#8221;][et_pb_text _builder_version=&#8221;4.27.6&#8243; text_font=&#8221;ABeeZee||||||||&#8221; text_font_size=&#8221;16px&#8221; text_line_height=&#8221;1.8em&#8221; custom_margin=&#8221;|15px||15px|false|false&#8221; global_colors_info=&#8221;{}&#8221;]<\/p>\n<p>O V Congresso Internacional CriadorAS na Educa\u00e7\u00e3o Liter\u00e1ria e Intercultural (V CICELI) tem como finalidade promover estudos, debates e a\u00e7\u00f5es voltados \u00e0 valoriza\u00e7\u00e3o da criatividade e do protagonismo das mulheres na educa\u00e7\u00e3o, reunindo especialistas nacionais e internacionais em quest\u00f5es de g\u00eanero, literatura, artes e educa\u00e7\u00e3o intercultural. O evento focaliza o estudo de mulheres poetas, dramaturgas e narradoras, cujas obras integram projetos pedag\u00f3gicos em escolas, institutos federais, universidades e espa\u00e7os n\u00e3o formais de ensino, contribuindo para pr\u00e1ticas educativas mais equitativas e representativas. A iniciativa ganha especial relev\u00e2ncia diante da Lei n\u00ba 14.986\/2024, que institui a obrigatoriedade da abordagem das experi\u00eancias e perspectivas femininas nos conte\u00fados curriculares da educa\u00e7\u00e3o b\u00e1sica, com \u00eanfase nos aspectos hist\u00f3ricos, art\u00edsticos e culturais do Brasil e do mundo. Por isso, o V CICELI prop\u00f5e ampliar o di\u00e1logo sobre autoras e criadoras do Sul Global, e acolhe pesquisas que discutam obras cinematogr\u00e1ficas, artes pl\u00e1sticas e personagens liter\u00e1rios sob enfoques de g\u00eanero, ecocr\u00edtica e justi\u00e7a social, contribuindo para a forma\u00e7\u00e3o de docentes e pesquisadores comprometidos com uma educa\u00e7\u00e3o plural e inclusiva. Alinha-se \u00e0 Agenda 2030 para o Desenvolvimento Sustent\u00e1vel, especialmente aos Objetivos de Desenvolvimento Sustent\u00e1vel do eixo \u2018Pessoas\u2019 (ODS 1 a 5).<\/p>\n<p>[\/et_pb_text][\/et_pb_column][et_pb_column type=&#8221;1_4&#8243; _builder_version=&#8221;4.16&#8243; global_colors_info=&#8221;{}&#8221;][et_pb_blurb use_icon=&#8221;on&#8221; font_icon=&#8221;&#xe025;||divi||400&#8243; icon_color=&#8221;#2893D2&#8243; image_icon_width=&#8221;80px&#8221; content_max_width_tablet=&#8221;&#8221; content_max_width_phone=&#8221;500px&#8221; content_max_width_last_edited=&#8221;on|phone&#8221; disabled_on=&#8221;off|off|off&#8221; _builder_version=&#8221;4.27.6&#8243; width=&#8221;114.1%&#8221; custom_margin=&#8221;|||-25px|false|false&#8221; custom_margin_tablet=&#8221;|||-25px|false|false&#8221; custom_margin_phone=&#8221;|||-25px|false|false&#8221; custom_margin_last_edited=&#8221;on|phone&#8221; custom_padding=&#8221;10px|22px||23px|false|false&#8221; hover_enabled=&#8221;0&#8243; header_font_size_tablet=&#8221;&#8221; header_font_size_phone=&#8221;13px&#8221; header_font_size_last_edited=&#8221;on|phone&#8221; box_shadow_style=&#8221;preset2&#8243; icon_font_size=&#8221;80px&#8221; global_colors_info=&#8221;{}&#8221; sticky_enabled=&#8221;0&#8243;]<\/p>\n<p><span style=\"color: #2893d2;\"><strong>20-jun-2026. <\/strong><\/span> Prazo final para envio de propostas<br \/><span style=\"text-decoration: line-through;\"><span style=\"color: #2893d2; text-decoration: line-through;\"><strong>23-abr-2026.<\/strong><\/span> Prazo para envio de propostas<\/span><br \/><span style=\"color: #2893d2;\"><strong>01-jun-2026.<\/strong><\/span> Prazo para inscri\u00e7\u00e3o e pagamento antecipado<br \/><span style=\"color: #2893d2;\"><strong>31-jul-2026. <\/strong><\/span>Prazo para inscri\u00e7\u00e3o e pagamento<br \/><span style=\"color: #2893d2;\"><strong>03-set-2026.<\/strong><\/span> Inaugura\u00e7\u00e3o do V CICELI<br \/><span style=\"color: #2893d2;\"><strong>05-set-2026.<\/strong><\/span> Encerramento do V CICELI<\/p>\n<p>&nbsp;<\/p>\n<p>[\/et_pb_blurb][\/et_pb_column][\/et_pb_row][\/et_pb_section]<\/p>\n","protected":false},"excerpt":{"rendered":"<p>V Congresso Internacional \u201cCriadorAS na Educa\u00e7\u00e3o Liter\u00e1ria e Intercultural\u201d (CICELI) 3-5 de setembro de 2026 Universidade Federal da Para\u00edba (UFPB, Brasil)O V Congresso Internacional CriadorAS na Educa\u00e7\u00e3o Liter\u00e1ria e Intercultural (V CICELI) tem como finalidade promover estudos, debates e a\u00e7\u00f5es voltados \u00e0 valoriza\u00e7\u00e3o da criatividade e do protagonismo das mulheres na educa\u00e7\u00e3o, reunindo especialistas nacionais [&hellip;]<\/p>\n","protected":false},"author":1,"featured_media":0,"parent":0,"menu_order":0,"comment_status":"closed","ping_status":"closed","template":"","meta":{"_et_pb_use_builder":"on","_et_pb_old_content":"","_et_gb_content_width":"","footnotes":""},"class_list":["post-2908","page","type-page","status-publish","hentry"],"_links":{"self":[{"href":"https:\/\/www.ciceli.es\/pt\/wp-json\/wp\/v2\/pages\/2908","targetHints":{"allow":["GET"]}}],"collection":[{"href":"https:\/\/www.ciceli.es\/pt\/wp-json\/wp\/v2\/pages"}],"about":[{"href":"https:\/\/www.ciceli.es\/pt\/wp-json\/wp\/v2\/types\/page"}],"author":[{"embeddable":true,"href":"https:\/\/www.ciceli.es\/pt\/wp-json\/wp\/v2\/users\/1"}],"replies":[{"embeddable":true,"href":"https:\/\/www.ciceli.es\/pt\/wp-json\/wp\/v2\/comments?post=2908"}],"version-history":[{"count":13,"href":"https:\/\/www.ciceli.es\/pt\/wp-json\/wp\/v2\/pages\/2908\/revisions"}],"predecessor-version":[{"id":3136,"href":"https:\/\/www.ciceli.es\/pt\/wp-json\/wp\/v2\/pages\/2908\/revisions\/3136"}],"wp:attachment":[{"href":"https:\/\/www.ciceli.es\/pt\/wp-json\/wp\/v2\/media?parent=2908"}],"curies":[{"name":"wp","href":"https:\/\/api.w.org\/{rel}","templated":true}]}}

<p>[et_pb_section fb_built=&#8221;1&#8243; next_background_color=&#8221;#ffffff&#8221; _builder_version=&#8221;4.27.6&#8243; background_image=&#8221;https://www.ciceli.es/pt/wp-content/uploads/2025/11/ciceli.jpg&#8221; custom_margin=&#8221;-13px|||||&#8221; custom_padding=&#8221;125px|||||&#8221; bottom_divider_style=&#8221;arrow2&#8243; bottom_divider_height=&#8221;59px&#8221; global_colors_info=&#8221;{}&#8221;][et_pb_row _builder_version=&#8221;4.16&#8243; background_enable_image=&#8221;off&#8221; background_position=&#8221;top_center&#8221; background_blend=&#8221;luminosity&#8221; custom_margin=&#8221;30px||10px||false|false&#8221; custom_padding=&#8221;62px||57px||false|false&#8221; global_colors_info=&#8221;{}&#8221;][et_pb_column type=&#8221;4_4&#8243; _builder_version=&#8221;4.16&#8243; global_colors_info=&#8221;{}&#8221;][et_pb_text _builder_version=&#8221;4.27.6&#8243; text_font=&#8221;Annie Use Your Telescope|700||||on|||&#8221; text_text_color=&#8221;#ffffff&#8221; text_font_size=&#8221;39px&#8221; text_letter_spacing=&#8221;2px&#8221; transform_scale=&#8221;86%|86%&#8221; transform_translate=&#8221;0px|96px&#8221; text_orientation=&#8221;center&#8221; custom_margin=&#8221;139px||0px||false|false&#8221; custom_padding=&#8221;33px||||false|false&#8221; text_text_shadow_style=&#8221;preset1&#8243; global_colors_info=&#8221;{}&#8221;]</p>
<p style="text-align: center;"><strong>V Congresso Internacional </strong></p>
<p style="text-align: center;"><strong>“CriadorAS na Educação Literária e Intercultural” (CICELI)</strong></p>
<p style="text-align: center;"><strong>3-5 de setembro de 2026</strong></p>
<p style="text-align: center;">Universidade Federal da Paraíba (UFPB, Brasil)</p>
<p>[/et_pb_text][/et_pb_column][/et_pb_row][/et_pb_section][et_pb_section fb_built=&#8221;1&#8243; _builder_version=&#8221;4.16&#8243; global_colors_info=&#8221;{}&#8221;][et_pb_row column_structure=&#8221;3_4,1_4&#8243; _builder_version=&#8221;4.16&#8243; global_colors_info=&#8221;{}&#8221;][et_pb_column type=&#8221;3_4&#8243; _builder_version=&#8221;4.16&#8243; global_colors_info=&#8221;{}&#8221;][et_pb_text _builder_version=&#8221;4.27.6&#8243; text_font=&#8221;ABeeZee||||||||&#8221; text_font_size=&#8221;16px&#8221; text_line_height=&#8221;1.8em&#8221; custom_margin=&#8221;|15px||15px|false|false&#8221; global_colors_info=&#8221;{}&#8221;]</p>
<p>O V Congresso Internacional CriadorAS na Educação Literária e Intercultural (V CICELI) tem como finalidade promover estudos, debates e ações voltados à valorização da criatividade e do protagonismo das mulheres na educação, reunindo especialistas nacionais e internacionais em questões de gênero, literatura, artes e educação intercultural. O evento focaliza o estudo de mulheres poetas, dramaturgas e narradoras, cujas obras integram projetos pedagógicos em escolas, institutos federais, universidades e espaços não formais de ensino, contribuindo para práticas educativas mais equitativas e representativas. A iniciativa ganha especial relevância diante da Lei nº 14.986/2024, que institui a obrigatoriedade da abordagem das experiências e perspectivas femininas nos conteúdos curriculares da educação básica, com ênfase nos aspectos históricos, artísticos e culturais do Brasil e do mundo. Por isso, o V CICELI propõe ampliar o diálogo sobre autoras e criadoras do Sul Global, e acolhe pesquisas que discutam obras cinematográficas, artes plásticas e personagens literários sob enfoques de gênero, ecocrítica e justiça social, contribuindo para a formação de docentes e pesquisadores comprometidos com uma educação plural e inclusiva. Alinha-se à Agenda 2030 para o Desenvolvimento Sustentável, especialmente aos Objetivos de Desenvolvimento Sustentável do eixo ‘Pessoas’ (ODS 1 a 5).</p>
<p>[/et_pb_text][/et_pb_column][et_pb_column type=&#8221;1_4&#8243; _builder_version=&#8221;4.16&#8243; global_colors_info=&#8221;{}&#8221;][et_pb_blurb use_icon=&#8221;on&#8221; font_icon=&#8221;&#xe025;||divi||400&#8243; icon_color=&#8221;#2893D2&#8243; image_icon_width=&#8221;80px&#8221; content_max_width_tablet=&#8221;&#8221; content_max_width_phone=&#8221;500px&#8221; content_max_width_last_edited=&#8221;on|phone&#8221; disabled_on=&#8221;off|off|off&#8221; _builder_version=&#8221;4.27.6&#8243; width=&#8221;114.1%&#8221; custom_margin=&#8221;|||-25px|false|false&#8221; custom_margin_tablet=&#8221;|||-25px|false|false&#8221; custom_margin_phone=&#8221;|||-25px|false|false&#8221; custom_margin_last_edited=&#8221;on|phone&#8221; custom_padding=&#8221;10px|22px||23px|false|false&#8221; hover_enabled=&#8221;0&#8243; header_font_size_tablet=&#8221;&#8221; header_font_size_phone=&#8221;13px&#8221; header_font_size_last_edited=&#8221;on|phone&#8221; box_shadow_style=&#8221;preset2&#8243; icon_font_size=&#8221;80px&#8221; global_colors_info=&#8221;{}&#8221; sticky_enabled=&#8221;0&#8243;]</p>
<p><span style="color: #2893d2;"><strong>20-jun-2026. </strong></span> Prazo final para envio de propostas<br /><span style="text-decoration: line-through;"><span style="color: #2893d2; text-decoration: line-through;"><strong>23-abr-2026.</strong></span> Prazo para envio de propostas</span><br /><span style="color: #2893d2;"><strong>01-jun-2026.</strong></span> Prazo para inscrição e pagamento antecipado<br /><span style="color: #2893d2;"><strong>31-jul-2026. </strong></span>Prazo para inscrição e pagamento<br /><span style="color: #2893d2;"><strong>03-set-2026.</strong></span> Inauguração do V CICELI<br /><span style="color: #2893d2;"><strong>05-set-2026.</strong></span> Encerramento do V CICELI</p>
<p>&nbsp;</p>
<p>[/et_pb_blurb][/et_pb_column][/et_pb_row][/et_pb_section]</p>

<p>V Congresso Internacional “CriadorAS na Educação Literária e Intercultural” (CICELI) 3-5 de setembro de 2026 Universidade Federal da Paraíba (UFPB, Brasil)O V Congresso Internacional CriadorAS na Educação Literária e Intercultural (V CICELI) tem como finalidade promover estudos, debates e ações voltados à valorização da criatividade e do protagonismo das mulheres na educação, reunindo especialistas nacionais [&hellip;]</p>
